{"id":14,"date":"2015-10-26T14:04:00","date_gmt":"2015-10-26T14:04:00","guid":{"rendered":"http:\/\/www.babylux.com.tr\/?page_id=14"},"modified":"2016-04-20T19:55:05","modified_gmt":"2016-04-20T16:55:05","slug":"corporate","status":"publish","type":"page","link":"https:\/\/babylux.com.tr\/en\/kurumsal\/","title":{"rendered":"Corporate"},"content":{"rendered":"<p><img loading=\"lazy\" decoding=\"async\" class=\"aligncenter wp-image-570\" src=\"https:\/\/babylux.com.tr\/wp-content\/uploads\/2015\/10\/arikan_bina-287x300.jpg\" alt=\"arikan_bina\" width=\"500\" height=\"523\" srcset=\"https:\/\/babylux.com.tr\/wp-content\/uploads\/2015\/10\/arikan_bina-287x300.jpg 287w, https:\/\/babylux.com.tr\/wp-content\/uploads\/2015\/10\/arikan_bina-768x803.jpg 768w, https:\/\/babylux.com.tr\/wp-content\/uploads\/2015\/10\/arikan_bina-979x1024.jpg 979w\" sizes=\"auto, (max-width: 500px) 100vw, 500px\" \/><\/p>\n<p>Our company has achieved the best service and product quality in the shortest time and wants to do more with your support.<\/p>\n<p align=\"left\">Today ARIKAN INTERIOR and FOREIGN TRADE contributes to the country's economy and offers an effective and fast alternative to the market. It has proven this with the Babylux brand.<\/p>\n<p align=\"left\">ARIKAN \u0130\u00c7 ve DI\u015e T\u0130CARET, which has been in the market since 1965, is the first domestic baby pacifier and baby bottle manufacturer. Since 1965, it has offered the most suitable product to every class of people in Turkey and Europe with its experience. It currently produces with raw materials from the world's most reliable suppliers in its production facility on 5000 m2 area. The Ministry of Health, the Ministry of Agriculture and Rural Affairs, and most recently the ISO 22000 food certificate and 2005 certificates have once again proved that it is a reliable brand.<\/p>\n<p align=\"left\">Babylux\u00a0markas\u0131 %100 yerli \u00fcretimi, deneyimli, profesyonel \u00e7al\u0131\u015fanlar\u0131, teknik donan\u0131m\u0131 ile anne ve bebeklere kaliteli sa\u011fl\u0131kl\u0131 \u00fcr\u00fcnleri \u00fcretmeyi ilke edinmi\u015ftir. Sizlere y\u0131llarca daha g\u00fczel hizmet vermek dile\u011fiyle\u2026<\/p>\n<p align=\"left\"><strong>VISION<\/strong><\/p>\n<p align=\"left\">ARIKAN INTERNAL AND EXTERNAL TRADE. LTD \u015eT\u0130 has adopted the \"VISION\" to be a leading organization in its sector with an understanding based on customer satisfaction, continuous improvement, quality, teamwork, social responsibility, professional management approach, compliance with technological developments and sharing.<\/p>\n<p align=\"left\"><strong>MISSION<\/strong><\/p>\n<p align=\"left\">In addition, within the framework of this vision we have determined, we have adopted the \"MISSION\" of being an exemplary organization that creates resources and value for our customers, employees and our country.<\/p>\n<p class=\"auto-style1\">ARIKAN Domestic and Foreign Trade. Ltd. Sti.<\/p>","protected":false},"excerpt":{"rendered":"<p>Firmam\u0131z en iyi hizmet ile \u00fcr\u00fcn kalitesini en k\u0131sa zamanda yakalam\u0131\u015f ve sizin deste\u011finizle daha fazlas\u0131n\u0131 yapmak istemektedir. Bug\u00fcn ARIKAN \u0130\u00c7 ve DI\u015e T\u0130CARET \u00dclke ekonomisine katk\u0131da bulunmakta pazara etkili ve s\u00fcratli alternatif sunmaktad\u0131r. Bunu da Babylux\u00a0markas\u0131yla kan\u0131tlam\u0131\u015ft\u0131r. 1965\u2019den bu yana piyasada bulunan ARIKAN \u0130\u00c7 ve DI\u015e T\u0130CARET ilk yerli bebek emzi\u011fi ve biberon \u00fcreticisidir. [&hellip;]<\/p>\n","protected":false},"author":1,"featured_media":0,"parent":0,"menu_order":0,"comment_status":"closed","ping_status":"closed","template":"","meta":{"footnotes":""},"class_list":["post-14","page","type-page","status-publish","hentry"],"aioseo_notices":[],"_links":{"self":[{"href":"https:\/\/babylux.com.tr\/en\/wp-json\/wp\/v2\/pages\/14","targetHints":{"allow":["GET"]}}],"collection":[{"href":"https:\/\/babylux.com.tr\/en\/wp-json\/wp\/v2\/pages"}],"about":[{"href":"https:\/\/babylux.com.tr\/en\/wp-json\/wp\/v2\/types\/page"}],"author":[{"embeddable":true,"href":"https:\/\/babylux.com.tr\/en\/wp-json\/wp\/v2\/users\/1"}],"replies":[{"embeddable":true,"href":"https:\/\/babylux.com.tr\/en\/wp-json\/wp\/v2\/comments?post=14"}],"version-history":[{"count":11,"href":"https:\/\/babylux.com.tr\/en\/wp-json\/wp\/v2\/pages\/14\/revisions"}],"predecessor-version":[{"id":577,"href":"https:\/\/babylux.com.tr\/en\/wp-json\/wp\/v2\/pages\/14\/revisions\/577"}],"wp:attachment":[{"href":"https:\/\/babylux.com.tr\/en\/wp-json\/wp\/v2\/media?parent=14"}],"curies":[{"name":"wp","href":"https:\/\/api.w.org\/{rel}","templated":true}]}}

<p><img loading="lazy" decoding="async" class="aligncenter wp-image-570" src="https://babylux.com.tr/wp-content/uploads/2015/10/arikan_bina-287x300.jpg" alt="arikan_bina" width="500" height="523" srcset="https://babylux.com.tr/wp-content/uploads/2015/10/arikan_bina-287x300.jpg 287w, https://babylux.com.tr/wp-content/uploads/2015/10/arikan_bina-768x803.jpg 768w, https://babylux.com.tr/wp-content/uploads/2015/10/arikan_bina-979x1024.jpg 979w" sizes="auto, (max-width: 500px) 100vw, 500px" /></p>
<p>Our company has achieved the best service and product quality in the shortest time and wants to do more with your support.</p>
<p align="left">Today ARIKAN INTERIOR and FOREIGN TRADE contributes to the country's economy and offers an effective and fast alternative to the market. It has proven this with the Babylux brand.</p>
<p align="left">ARIKAN İÇ ve DIŞ TİCARET, which has been in the market since 1965, is the first domestic baby pacifier and baby bottle manufacturer. Since 1965, it has offered the most suitable product to every class of people in Turkey and Europe with its experience. It currently produces with raw materials from the world's most reliable suppliers in its production facility on 5000 m2 area. The Ministry of Health, the Ministry of Agriculture and Rural Affairs, and most recently the ISO 22000 food certificate and 2005 certificates have once again proved that it is a reliable brand.</p>
<p align="left">Babylux markası %100 yerli üretimi, deneyimli, profesyonel çalışanları, teknik donanımı ile anne ve bebeklere kaliteli sağlıklı ürünleri üretmeyi ilke edinmiştir. Sizlere yıllarca daha güzel hizmet vermek dileğiyle…</p>
<p align="left"><strong>VISION</strong></p>
<p align="left">ARIKAN INTERNAL AND EXTERNAL TRADE. LTD ŞTİ has adopted the "VISION" to be a leading organization in its sector with an understanding based on customer satisfaction, continuous improvement, quality, teamwork, social responsibility, professional management approach, compliance with technological developments and sharing.</p>
<p align="left"><strong>MISSION</strong></p>
<p align="left">In addition, within the framework of this vision we have determined, we have adopted the "MISSION" of being an exemplary organization that creates resources and value for our customers, employees and our country.</p>
<p class="auto-style1">ARIKAN Domestic and Foreign Trade. Ltd. Sti.</p>

<p>Firmamız en iyi hizmet ile ürün kalitesini en kısa zamanda yakalamış ve sizin desteğinizle daha fazlasını yapmak istemektedir. Bugün ARIKAN İÇ ve DIŞ TİCARET Ülke ekonomisine katkıda bulunmakta pazara etkili ve süratli alternatif sunmaktadır. Bunu da Babylux markasıyla kanıtlamıştır. 1965’den bu yana piyasada bulunan ARIKAN İÇ ve DIŞ TİCARET ilk yerli bebek emziği ve biberon üreticisidir. [&hellip;]</p>
